{"id":733,"date":"2021-06-28T10:57:12","date_gmt":"2021-06-28T08:57:12","guid":{"rendered":"https:\/\/www.demefco.be\/aanbod\/sint-alenalaan-81-te-1700-dilbeek\/"},"modified":"2021-06-30T13:30:00","modified_gmt":"2021-06-30T11:30:00","slug":"42-sint-alenalaan-81-te-1700-dilbeek","status":"publish","type":"aanbod","link":"https:\/\/www.demefco.be\/fr\/offre\/42-sint-alenalaan-81-te-1700-dilbeek\/","title":{"rendered":"SINT-ALENALAAN 81 TE 1700 DILBEEK"},"content":{"rendered":"<p>L\u2019immeuble contient 2 appartements et se situe dans le centre de Dilbeek en face de la maison communale avec son beau ch\u00e2teau et son \u00e9tang. \u00c9galement situ\u00e9 pr\u00e8s du centre commercial et \u00e0 50 m d\u2019un arr\u00eat de bus. Les appartements seront compl\u00e8tement renov\u00e9.<\/p>\n","protected":false},"featured_media":561,"template":"","class_list":["post-733","aanbod","type-aanbod","status-publish","has-post-thumbnail","hentry"],"acf":[],"yoast_head":"<!-- This site is optimized with the Yoast SEO plugin v27.0 - https:\/\/yoast.com\/product\/yoast-seo-wordpress\/ -->\n<title>SINT-ALENALAAN 81 TE 1700 DILBEEK - Demefco Projectontwikkeling<\/title>\n<meta name=\"robots\" content=\"index, follow, max-snippet:-1, max-image-preview:large, max-video-preview:-1\" \/>\n<link rel=\"canonical\" href=\"https:\/\/www.demefco.be\/fr\/offre\/42-sint-alenalaan-81-te-1700-dilbeek\/\" \/>\n<meta property=\"og:locale\" content=\"fr_FR\" \/>\n<meta property=\"og:type\" content=\"article\" \/>\n<meta property=\"og:title\" content=\"SINT-ALENALAAN 81 TE 1700 DILBEEK - Demefco Projectontwikkeling\" \/>\n<meta property=\"og:description\" content=\"L\u2019immeuble contient 2 appartements et se situe dans le centre de Dilbeek en face de la maison communale avec son beau ch\u00e2teau et...\" \/>\n<meta property=\"og:url\" content=\"https:\/\/www.demefco.be\/fr\/offre\/42-sint-alenalaan-81-te-1700-dilbeek\/\" \/>\n<meta property=\"og:site_name\" content=\"Demefco Projectontwikkeling\" \/>\n<meta property=\"article:publisher\" content=\"https:\/\/www.facebook.com\/demefco\/\" \/>\n<meta property=\"article:modified_time\" content=\"2021-06-30T11:30:00+00:00\" \/>\n<meta property=\"og:image\" content=\"https:\/\/www.demefco.be\/wp-content\/uploads\/2021\/06\/19f9cefdfb07230a68581d617885a3af_M.jpg\" \/>\n\t<meta property=\"og:image:width\" content=\"570\" \/>\n\t<meta property=\"og:image:height\" content=\"806\" \/>\n\t<meta property=\"og:image:type\" content=\"image\/jpeg\" \/>\n<meta name=\"twitter:card\" content=\"summary_large_image\" \/>\n<meta name=\"twitter:site\" content=\"@demefco\" \/>\n<meta name=\"twitter:label1\" content=\"Dur\u00e9e de lecture est.\" \/>\n\t<meta name=\"twitter:data1\" content=\"1 minute\" \/>\n<script type=\"application\/ld+json\" class=\"yoast-schema-graph\">{\"@context\":\"https:\/\/schema.org\",\"@graph\":[{\"@type\":\"WebPage\",\"@id\":\"https:\/\/www.demefco.be\/fr\/offre\/42-sint-alenalaan-81-te-1700-dilbeek\/\",\"url\":\"https:\/\/www.demefco.be\/fr\/offre\/42-sint-alenalaan-81-te-1700-dilbeek\/\",\"name\":\"SINT-ALENALAAN 81 TE 1700 DILBEEK - Demefco Projectontwikkeling\",\"isPartOf\":{\"@id\":\"https:\/\/www.demefco.be\/fr\/#website\"},\"primaryImageOfPage\":{\"@id\":\"https:\/\/www.demefco.be\/fr\/offre\/42-sint-alenalaan-81-te-1700-dilbeek\/#primaryimage\"},\"image\":{\"@id\":\"https:\/\/www.demefco.be\/fr\/offre\/42-sint-alenalaan-81-te-1700-dilbeek\/#primaryimage\"},\"thumbnailUrl\":\"https:\/\/www.demefco.be\/wp-content\/uploads\/2021\/06\/19f9cefdfb07230a68581d617885a3af_M.jpg\",\"datePublished\":\"2021-06-28T08:57:12+00:00\",\"dateModified\":\"2021-06-30T11:30:00+00:00\",\"breadcrumb\":{\"@id\":\"https:\/\/www.demefco.be\/fr\/offre\/42-sint-alenalaan-81-te-1700-dilbeek\/#breadcrumb\"},\"inLanguage\":\"fr-BE\",\"potentialAction\":[{\"@type\":\"ReadAction\",\"target\":[\"https:\/\/www.demefco.be\/fr\/offre\/42-sint-alenalaan-81-te-1700-dilbeek\/\"]}]},{\"@type\":\"ImageObject\",\"inLanguage\":\"fr-BE\",\"@id\":\"https:\/\/www.demefco.be\/fr\/offre\/42-sint-alenalaan-81-te-1700-dilbeek\/#primaryimage\",\"url\":\"https:\/\/www.demefco.be\/wp-content\/uploads\/2021\/06\/19f9cefdfb07230a68581d617885a3af_M.jpg\",\"contentUrl\":\"https:\/\/www.demefco.be\/wp-content\/uploads\/2021\/06\/19f9cefdfb07230a68581d617885a3af_M.jpg\",\"width\":570,\"height\":806},{\"@type\":\"BreadcrumbList\",\"@id\":\"https:\/\/www.demefco.be\/fr\/offre\/42-sint-alenalaan-81-te-1700-dilbeek\/#breadcrumb\",\"itemListElement\":[{\"@type\":\"ListItem\",\"position\":1,\"name\":\"Start\",\"item\":\"https:\/\/www.demefco.be\/fr\/\"},{\"@type\":\"ListItem\",\"position\":2,\"name\":\"Aanbod\",\"item\":\"https:\/\/www.demefco.be\/fr\/offre\/\"},{\"@type\":\"ListItem\",\"position\":3,\"name\":\"SINT-ALENALAAN 81 TE 1700 DILBEEK\"}]},{\"@type\":\"WebSite\",\"@id\":\"https:\/\/www.demefco.be\/fr\/#website\",\"url\":\"https:\/\/www.demefco.be\/fr\/\",\"name\":\"Demefco Projectontwikkeling\",\"description\":\"Demefco Projectontwikkeling\",\"publisher\":{\"@id\":\"https:\/\/www.demefco.be\/fr\/#organization\"},\"potentialAction\":[{\"@type\":\"SearchAction\",\"target\":{\"@type\":\"EntryPoint\",\"urlTemplate\":\"https:\/\/www.demefco.be\/fr\/?s={search_term_string}\"},\"query-input\":{\"@type\":\"PropertyValueSpecification\",\"valueRequired\":true,\"valueName\":\"search_term_string\"}}],\"inLanguage\":\"fr-BE\"},{\"@type\":\"Organization\",\"@id\":\"https:\/\/www.demefco.be\/fr\/#organization\",\"name\":\"Demefco\",\"url\":\"https:\/\/www.demefco.be\/fr\/\",\"logo\":{\"@type\":\"ImageObject\",\"inLanguage\":\"fr-BE\",\"@id\":\"https:\/\/www.demefco.be\/fr\/#\/schema\/logo\/image\/\",\"url\":\"https:\/\/www.demefco.be\/wp-content\/uploads\/2021\/06\/logo.png\",\"contentUrl\":\"https:\/\/www.demefco.be\/wp-content\/uploads\/2021\/06\/logo.png\",\"width\":170,\"height\":170,\"caption\":\"Demefco\"},\"image\":{\"@id\":\"https:\/\/www.demefco.be\/fr\/#\/schema\/logo\/image\/\"},\"sameAs\":[\"https:\/\/www.facebook.com\/demefco\/\",\"https:\/\/x.com\/demefco\",\"https:\/\/www.linkedin.com\/company\/demefco\"]}]}<\/script>\n<!-- \/ Yoast SEO plugin. -->","yoast_head_json":{"title":"SINT-ALENALAAN 81 TE 1700 DILBEEK - Demefco Projectontwikkeling","robots":{"index":"index","follow":"follow","max-snippet":"max-snippet:-1","max-image-preview":"max-image-preview:large","max-video-preview":"max-video-preview:-1"},"canonical":"https:\/\/www.demefco.be\/fr\/offre\/42-sint-alenalaan-81-te-1700-dilbeek\/","og_locale":"fr_FR","og_type":"article","og_title":"SINT-ALENALAAN 81 TE 1700 DILBEEK - Demefco Projectontwikkeling","og_description":"L\u2019immeuble contient 2 appartements et se situe dans le centre de Dilbeek en face de la maison communale avec son beau ch\u00e2teau et...","og_url":"https:\/\/www.demefco.be\/fr\/offre\/42-sint-alenalaan-81-te-1700-dilbeek\/","og_site_name":"Demefco Projectontwikkeling","article_publisher":"https:\/\/www.facebook.com\/demefco\/","article_modified_time":"2021-06-30T11:30:00+00:00","og_image":[{"width":570,"height":806,"url":"https:\/\/www.demefco.be\/wp-content\/uploads\/2021\/06\/19f9cefdfb07230a68581d617885a3af_M.jpg","type":"image\/jpeg"}],"twitter_card":"summary_large_image","twitter_site":"@demefco","twitter_misc":{"Dur\u00e9e de lecture est.":"1 minute"},"schema":{"@context":"https:\/\/schema.org","@graph":[{"@type":"WebPage","@id":"https:\/\/www.demefco.be\/fr\/offre\/42-sint-alenalaan-81-te-1700-dilbeek\/","url":"https:\/\/www.demefco.be\/fr\/offre\/42-sint-alenalaan-81-te-1700-dilbeek\/","name":"SINT-ALENALAAN 81 TE 1700 DILBEEK - Demefco Projectontwikkeling","isPartOf":{"@id":"https:\/\/www.demefco.be\/fr\/#website"},"primaryImageOfPage":{"@id":"https:\/\/www.demefco.be\/fr\/offre\/42-sint-alenalaan-81-te-1700-dilbeek\/#primaryimage"},"image":{"@id":"https:\/\/www.demefco.be\/fr\/offre\/42-sint-alenalaan-81-te-1700-dilbeek\/#primaryimage"},"thumbnailUrl":"https:\/\/www.demefco.be\/wp-content\/uploads\/2021\/06\/19f9cefdfb07230a68581d617885a3af_M.jpg","datePublished":"2021-06-28T08:57:12+00:00","dateModified":"2021-06-30T11:30:00+00:00","breadcrumb":{"@id":"https:\/\/www.demefco.be\/fr\/offre\/42-sint-alenalaan-81-te-1700-dilbeek\/#breadcrumb"},"inLanguage":"fr-BE","potentialAction":[{"@type":"ReadAction","target":["https:\/\/www.demefco.be\/fr\/offre\/42-sint-alenalaan-81-te-1700-dilbeek\/"]}]},{"@type":"ImageObject","inLanguage":"fr-BE","@id":"https:\/\/www.demefco.be\/fr\/offre\/42-sint-alenalaan-81-te-1700-dilbeek\/#primaryimage","url":"https:\/\/www.demefco.be\/wp-content\/uploads\/2021\/06\/19f9cefdfb07230a68581d617885a3af_M.jpg","contentUrl":"https:\/\/www.demefco.be\/wp-content\/uploads\/2021\/06\/19f9cefdfb07230a68581d617885a3af_M.jpg","width":570,"height":806},{"@type":"BreadcrumbList","@id":"https:\/\/www.demefco.be\/fr\/offre\/42-sint-alenalaan-81-te-1700-dilbeek\/#breadcrumb","itemListElement":[{"@type":"ListItem","position":1,"name":"Start","item":"https:\/\/www.demefco.be\/fr\/"},{"@type":"ListItem","position":2,"name":"Aanbod","item":"https:\/\/www.demefco.be\/fr\/offre\/"},{"@type":"ListItem","position":3,"name":"SINT-ALENALAAN 81 TE 1700 DILBEEK"}]},{"@type":"WebSite","@id":"https:\/\/www.demefco.be\/fr\/#website","url":"https:\/\/www.demefco.be\/fr\/","name":"Demefco Projectontwikkeling","description":"Demefco Projectontwikkeling","publisher":{"@id":"https:\/\/www.demefco.be\/fr\/#organization"},"potentialAction":[{"@type":"SearchAction","target":{"@type":"EntryPoint","urlTemplate":"https:\/\/www.demefco.be\/fr\/?s={search_term_string}"},"query-input":{"@type":"PropertyValueSpecification","valueRequired":true,"valueName":"search_term_string"}}],"inLanguage":"fr-BE"},{"@type":"Organization","@id":"https:\/\/www.demefco.be\/fr\/#organization","name":"Demefco","url":"https:\/\/www.demefco.be\/fr\/","logo":{"@type":"ImageObject","inLanguage":"fr-BE","@id":"https:\/\/www.demefco.be\/fr\/#\/schema\/logo\/image\/","url":"https:\/\/www.demefco.be\/wp-content\/uploads\/2021\/06\/logo.png","contentUrl":"https:\/\/www.demefco.be\/wp-content\/uploads\/2021\/06\/logo.png","width":170,"height":170,"caption":"Demefco"},"image":{"@id":"https:\/\/www.demefco.be\/fr\/#\/schema\/logo\/image\/"},"sameAs":["https:\/\/www.facebook.com\/demefco\/","https:\/\/x.com\/demefco","https:\/\/www.linkedin.com\/company\/demefco"]}]}},"_links":{"self":[{"href":"https:\/\/www.demefco.be\/fr\/wp-json\/wp\/v2\/aanbod\/733","targetHints":{"allow":["GET"]}}],"collection":[{"href":"https:\/\/www.demefco.be\/fr\/wp-json\/wp\/v2\/aanbod"}],"about":[{"href":"https:\/\/www.demefco.be\/fr\/wp-json\/wp\/v2\/types\/aanbod"}],"wp:featuredmedia":[{"embeddable":true,"href":"https:\/\/www.demefco.be\/fr\/wp-json\/wp\/v2\/media\/561"}],"wp:attachment":[{"href":"https:\/\/www.demefco.be\/fr\/wp-json\/wp\/v2\/media?parent=733"}],"curies":[{"name":"wp","href":"https:\/\/api.w.org\/{rel}","templated":true}]}}

<p>L’immeuble contient 2 appartements et se situe dans le centre de Dilbeek en face de la maison communale avec son beau château et son étang. Également situé près du centre commercial et à 50 m d’un arrêt de bus. Les appartements seront complètement renové.</p>

<!-- This site is optimized with the Yoast SEO plugin v27.0 - https://yoast.com/product/yoast-seo-wordpress/ -->
<title>SINT-ALENALAAN 81 TE 1700 DILBEEK - Demefco Projectontwikkeling</title>
<meta name="robots" content="index, follow, max-snippet:-1, max-image-preview:large, max-video-preview:-1" />
<link rel="canonical" href="https://www.demefco.be/fr/offre/42-sint-alenalaan-81-te-1700-dilbeek/" />
<meta property="og:locale" content="fr_FR" />
<meta property="og:type" content="article" />
<meta property="og:title" content="SINT-ALENALAAN 81 TE 1700 DILBEEK - Demefco Projectontwikkeling" />
<meta property="og:description" content="L’immeuble contient 2 appartements et se situe dans le centre de Dilbeek en face de la maison communale avec son beau château et..." />
<meta property="og:url" content="https://www.demefco.be/fr/offre/42-sint-alenalaan-81-te-1700-dilbeek/" />
<meta property="og:site_name" content="Demefco Projectontwikkeling" />
<meta property="article:publisher" content="https://www.facebook.com/demefco/" />
<meta property="article:modified_time" content="2021-06-30T11:30:00+00:00" />
<meta property="og:image" content="https://www.demefco.be/wp-content/uploads/2021/06/19f9cefdfb07230a68581d617885a3af_M.jpg" />
	<meta property="og:image:width" content="570" />
	<meta property="og:image:height" content="806" />
	<meta property="og:image:type" content="image/jpeg" />
<meta name="twitter:card" content="summary_large_image" />
<meta name="twitter:site" content="@demefco" />
<meta name="twitter:label1" content="Durée de lecture est." />
	<meta name="twitter:data1" content="1 minute" />
<script type="application/ld+json" class="yoast-schema-graph">{"@context":"https://schema.org","@graph":[{"@type":"WebPage","@id":"https://www.demefco.be/fr/offre/42-sint-alenalaan-81-te-1700-dilbeek/","url":"https://www.demefco.be/fr/offre/42-sint-alenalaan-81-te-1700-dilbeek/","name":"SINT-ALENALAAN 81 TE 1700 DILBEEK - Demefco Projectontwikkeling","isPartOf":{"@id":"https://www.demefco.be/fr/#website"},"primaryImageOfPage":{"@id":"https://www.demefco.be/fr/offre/42-sint-alenalaan-81-te-1700-dilbeek/#primaryimage"},"image":{"@id":"https://www.demefco.be/fr/offre/42-sint-alenalaan-81-te-1700-dilbeek/#primaryimage"},"thumbnailUrl":"https://www.demefco.be/wp-content/uploads/2021/06/19f9cefdfb07230a68581d617885a3af_M.jpg","datePublished":"2021-06-28T08:57:12+00:00","dateModified":"2021-06-30T11:30:00+00:00","breadcrumb":{"@id":"https://www.demefco.be/fr/offre/42-sint-alenalaan-81-te-1700-dilbeek/#breadcrumb"},"inLanguage":"fr-BE","potentialAction":[{"@type":"ReadAction","target":["https://www.demefco.be/fr/offre/42-sint-alenalaan-81-te-1700-dilbeek/"]}]},{"@type":"ImageObject","inLanguage":"fr-BE","@id":"https://www.demefco.be/fr/offre/42-sint-alenalaan-81-te-1700-dilbeek/#primaryimage","url":"https://www.demefco.be/wp-content/uploads/2021/06/19f9cefdfb07230a68581d617885a3af_M.jpg","contentUrl":"https://www.demefco.be/wp-content/uploads/2021/06/19f9cefdfb07230a68581d617885a3af_M.jpg","width":570,"height":806},{"@type":"BreadcrumbList","@id":"https://www.demefco.be/fr/offre/42-sint-alenalaan-81-te-1700-dilbeek/#breadcrumb","itemListElement":[{"@type":"ListItem","position":1,"name":"Start","item":"https://www.demefco.be/fr/"},{"@type":"ListItem","position":2,"name":"Aanbod","item":"https://www.demefco.be/fr/offre/"},{"@type":"ListItem","position":3,"name":"SINT-ALENALAAN 81 TE 1700 DILBEEK"}]},{"@type":"WebSite","@id":"https://www.demefco.be/fr/#website","url":"https://www.demefco.be/fr/","name":"Demefco Projectontwikkeling","description":"Demefco Projectontwikkeling","publisher":{"@id":"https://www.demefco.be/fr/#organization"},"potentialAction":[{"@type":"SearchAction","target":{"@type":"EntryPoint","urlTemplate":"https://www.demefco.be/fr/?s={search_term_string}"},"query-input":{"@type":"PropertyValueSpecification","valueRequired":true,"valueName":"search_term_string"}}],"inLanguage":"fr-BE"},{"@type":"Organization","@id":"https://www.demefco.be/fr/#organization","name":"Demefco","url":"https://www.demefco.be/fr/","logo":{"@type":"ImageObject","inLanguage":"fr-BE","@id":"https://www.demefco.be/fr/#/schema/logo/image/","url":"https://www.demefco.be/wp-content/uploads/2021/06/logo.png","contentUrl":"https://www.demefco.be/wp-content/uploads/2021/06/logo.png","width":170,"height":170,"caption":"Demefco"},"image":{"@id":"https://www.demefco.be/fr/#/schema/logo/image/"},"sameAs":["https://www.facebook.com/demefco/","https://x.com/demefco","https://www.linkedin.com/company/demefco"]}]}</script>
<!-- / Yoast SEO plugin. -->

L’immeuble contient 2 appartements et se situe dans le centre de Dilbeek en face de la maison communale avec son beau château et...
