{"id":636,"date":"2021-06-22T12:14:44","date_gmt":"2021-06-22T10:14:44","guid":{"rendered":"https:\/\/www.demefco.be\/over-demefco\/wie-zijn-we\/"},"modified":"2023-11-20T15:39:15","modified_gmt":"2023-11-20T13:39:15","slug":"a-notre-propos","status":"publish","type":"page","link":"https:\/\/www.demefco.be\/fr\/sur-demefco\/a-notre-propos\/","title":{"rendered":"A NOTRE PROPOS"},"content":{"rendered":"<h2>DEMEFCO: JEUNE, DYNAMIQUE, EXP\u00c9RIMENT\u00c9<\/h2>\n<p>Demefco est une entreprise <strong>jeune et dynamique<\/strong> fond\u00e9e en 2009 par le chef d&rsquo;entreprise Fr\u00e9deric De Medts. Le nom de Demefco est l&rsquo;abr\u00e9viation de \u00ab De Medts Fr\u00e9deric et Ci \u00bb.<\/p>\n<p>Demefco est une jeune entreprise, mais elle est\u00a0<strong>un sp\u00e9cialiste exp\u00e9riment\u00e9 en l&rsquo;immobilier<\/strong>. Nous nous concentrons principalement sur le march\u00e9 belge, mais nous pouvons egalement \u00e9tudier des opportunit\u00e9s internationales avec le m\u00eame int\u00e9r\u00eat.<\/p>\n<p>Notre objectif principal est la r\u00e9alisation d&rsquo;<strong>un retour maximum sur ses fonds propres<\/strong>, par des investissements dans l&rsquo;immobilier. <strong>Les concepts de base<\/strong> de Demefco sont\u00a0<strong>vivre, g\u00e9rer, investir et innover<\/strong>. Demefco est active comme un administrateur de biens et <a href=\"https:\/\/www.demefco.be\/fr\/services\/promoteur-immobilier\/\">un promoteur immobilier<\/a>. Nos mots cl\u00e9s sont v\u00e9rifi\u00e9s chaque fois pour ces deux facettes du march\u00e9 immobilier.<\/p>\n<h2>LA CL\u00c9 DU SUCC\u00c8S<\/h2>\n<p>Tous les projets de Demefco sont r\u00e9alis\u00e9s avec le r\u00e9sident et son environnement comme id\u00e9e centrale. Avec cela, les mots cl\u00e9 ne sont pas non seulement le confort de vie, la disposition spatiale et l&rsquo;architecture, mais aussi le respect de l&rsquo;\u00e9nergie, la durabilit\u00e9 et la r\u00e9g\u00e9n\u00e9ration urbaine. Ainsi, nous garantissons\u00a0<strong>une exp\u00e9rience de vie ultime dans un environnement novateur<\/strong>. Cela fait que nos projets sont int\u00e9ressants \u00e0 g\u00e9rer, mais aussi rentables pour ceux qui veulent investir.<\/p>\n<p>La cl\u00e9 de notre succ\u00e8s est\u00a0<strong>notre expertise exceptionnelle et notre d\u00e9sire permanente \u00e0 l&rsquo;innovation<\/strong>. Ces deux valeurs se retrouvent chez tous ceux qui font partie de notre \u00e9quipe passion\u00e9e de sp\u00e9cialistes de l&rsquo;immobilier. Nous combinons <strong>la force et la coh\u00e9rence d&rsquo;une entreprise familiale avec la dynamique d&rsquo;une entreprise internationale<\/strong>.<\/p>\n<h2>UNE CROISSANCE PERMANENTE<\/h2>\n<p>Demefco continue \u00e0 cro\u00eetre. Lors les projets r\u00e9alis\u00e9s par nous, mais aussi par l&rsquo;expansion de notre patrimoine et notre expertise. Et surtout, en \u00e9tant toujours ouvert aux possibilit\u00e9s et aux nouvelles techniques qui se pr\u00e9sentent. Par un esprit ouvert et une passion pour le march\u00e9 de l&rsquo;immobilier.<\/p>\n<p><a href=\"\/fr\/sur-demefco\/je-cherche-un-investisseur\">Vous cherchez un investisseur?\u00a0<\/a><br \/>\n<a href=\"\/fr\/sur-demefco\/je-suis-un-investisseur\">Vous \u00eates un investisseur?<\/a><br \/>\nD\u00e9couvrez comment on peut vous aider. Ou\u00a0<a href=\"\/fr\/contact\">contactez-nous<\/a>\u00a0pour toutes questions.<\/p>\n","protected":false},"excerpt":{"rendered":"<p>DEMEFCO: JEUNE, DYNAMIQUE, EXP\u00c9RIMENT\u00c9 Demefco est une entreprise jeune et dynamique fond\u00e9e en 2009 par le chef d&rsquo;entreprise Fr\u00e9deric De Medts. Le nom&#8230;<\/p>\n","protected":false},"author":1,"featured_media":0,"parent":630,"menu_order":0,"comment_status":"closed","ping_status":"closed","template":"","meta":{"_acf_changed":false,"inline_featured_image":false,"footnotes":""},"class_list":["post-636","page","type-page","status-publish","hentry"],"acf":[],"yoast_head":"<!-- This site is optimized with the Yoast SEO plugin v27.0 - https:\/\/yoast.com\/product\/yoast-seo-wordpress\/ -->\n<title>A NOTRE PROPOS - Demefco Projectontwikkeling<\/title>\n<meta name=\"description\" content=\"Demefco est une entreprise jeune et dynamique fond\u00e9e en 2009 par le chef d&#039;entreprise Frederic De Medts et et sp\u00e9cialis\u00e9 en l&#039;immobilier.\" \/>\n<meta name=\"robots\" content=\"index, follow, max-snippet:-1, max-image-preview:large, max-video-preview:-1\" \/>\n<link rel=\"canonical\" href=\"https:\/\/www.demefco.be\/fr\/sur-demefco\/a-notre-propos\/\" \/>\n<meta property=\"og:locale\" content=\"fr_FR\" \/>\n<meta property=\"og:type\" content=\"article\" \/>\n<meta property=\"og:title\" content=\"A NOTRE PROPOS - Demefco Projectontwikkeling\" \/>\n<meta property=\"og:description\" content=\"Demefco est une entreprise jeune et dynamique fond\u00e9e en 2009 par le chef d&#039;entreprise Frederic De Medts et et sp\u00e9cialis\u00e9 en l&#039;immobilier.\" \/>\n<meta property=\"og:url\" content=\"https:\/\/www.demefco.be\/fr\/sur-demefco\/a-notre-propos\/\" \/>\n<meta property=\"og:site_name\" content=\"Demefco Projectontwikkeling\" \/>\n<meta property=\"article:publisher\" content=\"https:\/\/www.facebook.com\/demefco\/\" \/>\n<meta property=\"article:modified_time\" content=\"2023-11-20T13:39:15+00:00\" \/>\n<meta property=\"og:image\" content=\"https:\/\/www.demefco.be\/wp-content\/uploads\/2021\/06\/1.jpg\" \/>\n\t<meta property=\"og:image:width\" content=\"1920\" \/>\n\t<meta property=\"og:image:height\" content=\"870\" \/>\n\t<meta property=\"og:image:type\" content=\"image\/jpeg\" \/>\n<meta name=\"twitter:card\" content=\"summary_large_image\" \/>\n<meta name=\"twitter:site\" content=\"@demefco\" \/>\n<meta name=\"twitter:label1\" content=\"Dur\u00e9e de lecture est.\" \/>\n\t<meta name=\"twitter:data1\" content=\"2 minutes\" \/>\n<script type=\"application\/ld+json\" class=\"yoast-schema-graph\">{\"@context\":\"https:\/\/schema.org\",\"@graph\":[{\"@type\":\"WebPage\",\"@id\":\"https:\/\/www.demefco.be\/fr\/sur-demefco\/a-notre-propos\/\",\"url\":\"https:\/\/www.demefco.be\/fr\/sur-demefco\/a-notre-propos\/\",\"name\":\"A NOTRE PROPOS - Demefco Projectontwikkeling\",\"isPartOf\":{\"@id\":\"https:\/\/www.demefco.be\/fr\/#website\"},\"datePublished\":\"2021-06-22T10:14:44+00:00\",\"dateModified\":\"2023-11-20T13:39:15+00:00\",\"description\":\"Demefco est une entreprise jeune et dynamique fond\u00e9e en 2009 par le chef d'entreprise Frederic De Medts et et sp\u00e9cialis\u00e9 en l'immobilier.\",\"breadcrumb\":{\"@id\":\"https:\/\/www.demefco.be\/fr\/sur-demefco\/a-notre-propos\/#breadcrumb\"},\"inLanguage\":\"fr-BE\",\"potentialAction\":[{\"@type\":\"ReadAction\",\"target\":[\"https:\/\/www.demefco.be\/fr\/sur-demefco\/a-notre-propos\/\"]}]},{\"@type\":\"BreadcrumbList\",\"@id\":\"https:\/\/www.demefco.be\/fr\/sur-demefco\/a-notre-propos\/#breadcrumb\",\"itemListElement\":[{\"@type\":\"ListItem\",\"position\":1,\"name\":\"Start\",\"item\":\"https:\/\/www.demefco.be\/fr\/\"},{\"@type\":\"ListItem\",\"position\":2,\"name\":\"Sur Demefco\",\"item\":\"https:\/\/www.demefco.be\/fr\/sur-demefco\/\"},{\"@type\":\"ListItem\",\"position\":3,\"name\":\"A NOTRE PROPOS\"}]},{\"@type\":\"WebSite\",\"@id\":\"https:\/\/www.demefco.be\/fr\/#website\",\"url\":\"https:\/\/www.demefco.be\/fr\/\",\"name\":\"Demefco Projectontwikkeling\",\"description\":\"Demefco Projectontwikkeling\",\"publisher\":{\"@id\":\"https:\/\/www.demefco.be\/fr\/#organization\"},\"potentialAction\":[{\"@type\":\"SearchAction\",\"target\":{\"@type\":\"EntryPoint\",\"urlTemplate\":\"https:\/\/www.demefco.be\/fr\/?s={search_term_string}\"},\"query-input\":{\"@type\":\"PropertyValueSpecification\",\"valueRequired\":true,\"valueName\":\"search_term_string\"}}],\"inLanguage\":\"fr-BE\"},{\"@type\":\"Organization\",\"@id\":\"https:\/\/www.demefco.be\/fr\/#organization\",\"name\":\"Demefco\",\"url\":\"https:\/\/www.demefco.be\/fr\/\",\"logo\":{\"@type\":\"ImageObject\",\"inLanguage\":\"fr-BE\",\"@id\":\"https:\/\/www.demefco.be\/fr\/#\/schema\/logo\/image\/\",\"url\":\"https:\/\/www.demefco.be\/wp-content\/uploads\/2021\/06\/logo.png\",\"contentUrl\":\"https:\/\/www.demefco.be\/wp-content\/uploads\/2021\/06\/logo.png\",\"width\":170,\"height\":170,\"caption\":\"Demefco\"},\"image\":{\"@id\":\"https:\/\/www.demefco.be\/fr\/#\/schema\/logo\/image\/\"},\"sameAs\":[\"https:\/\/www.facebook.com\/demefco\/\",\"https:\/\/x.com\/demefco\",\"https:\/\/www.linkedin.com\/company\/demefco\"]}]}<\/script>\n<!-- \/ Yoast SEO plugin. -->","yoast_head_json":{"title":"A NOTRE PROPOS - Demefco Projectontwikkeling","description":"Demefco est une entreprise jeune et dynamique fond\u00e9e en 2009 par le chef d'entreprise Frederic De Medts et et sp\u00e9cialis\u00e9 en l'immobilier.","robots":{"index":"index","follow":"follow","max-snippet":"max-snippet:-1","max-image-preview":"max-image-preview:large","max-video-preview":"max-video-preview:-1"},"canonical":"https:\/\/www.demefco.be\/fr\/sur-demefco\/a-notre-propos\/","og_locale":"fr_FR","og_type":"article","og_title":"A NOTRE PROPOS - Demefco Projectontwikkeling","og_description":"Demefco est une entreprise jeune et dynamique fond\u00e9e en 2009 par le chef d'entreprise Frederic De Medts et et sp\u00e9cialis\u00e9 en l'immobilier.","og_url":"https:\/\/www.demefco.be\/fr\/sur-demefco\/a-notre-propos\/","og_site_name":"Demefco Projectontwikkeling","article_publisher":"https:\/\/www.facebook.com\/demefco\/","article_modified_time":"2023-11-20T13:39:15+00:00","og_image":[{"width":1920,"height":870,"url":"https:\/\/www.demefco.be\/wp-content\/uploads\/2021\/06\/1.jpg","type":"image\/jpeg"}],"twitter_card":"summary_large_image","twitter_site":"@demefco","twitter_misc":{"Dur\u00e9e de lecture est.":"2 minutes"},"schema":{"@context":"https:\/\/schema.org","@graph":[{"@type":"WebPage","@id":"https:\/\/www.demefco.be\/fr\/sur-demefco\/a-notre-propos\/","url":"https:\/\/www.demefco.be\/fr\/sur-demefco\/a-notre-propos\/","name":"A NOTRE PROPOS - Demefco Projectontwikkeling","isPartOf":{"@id":"https:\/\/www.demefco.be\/fr\/#website"},"datePublished":"2021-06-22T10:14:44+00:00","dateModified":"2023-11-20T13:39:15+00:00","description":"Demefco est une entreprise jeune et dynamique fond\u00e9e en 2009 par le chef d'entreprise Frederic De Medts et et sp\u00e9cialis\u00e9 en l'immobilier.","breadcrumb":{"@id":"https:\/\/www.demefco.be\/fr\/sur-demefco\/a-notre-propos\/#breadcrumb"},"inLanguage":"fr-BE","potentialAction":[{"@type":"ReadAction","target":["https:\/\/www.demefco.be\/fr\/sur-demefco\/a-notre-propos\/"]}]},{"@type":"BreadcrumbList","@id":"https:\/\/www.demefco.be\/fr\/sur-demefco\/a-notre-propos\/#breadcrumb","itemListElement":[{"@type":"ListItem","position":1,"name":"Start","item":"https:\/\/www.demefco.be\/fr\/"},{"@type":"ListItem","position":2,"name":"Sur Demefco","item":"https:\/\/www.demefco.be\/fr\/sur-demefco\/"},{"@type":"ListItem","position":3,"name":"A NOTRE PROPOS"}]},{"@type":"WebSite","@id":"https:\/\/www.demefco.be\/fr\/#website","url":"https:\/\/www.demefco.be\/fr\/","name":"Demefco Projectontwikkeling","description":"Demefco Projectontwikkeling","publisher":{"@id":"https:\/\/www.demefco.be\/fr\/#organization"},"potentialAction":[{"@type":"SearchAction","target":{"@type":"EntryPoint","urlTemplate":"https:\/\/www.demefco.be\/fr\/?s={search_term_string}"},"query-input":{"@type":"PropertyValueSpecification","valueRequired":true,"valueName":"search_term_string"}}],"inLanguage":"fr-BE"},{"@type":"Organization","@id":"https:\/\/www.demefco.be\/fr\/#organization","name":"Demefco","url":"https:\/\/www.demefco.be\/fr\/","logo":{"@type":"ImageObject","inLanguage":"fr-BE","@id":"https:\/\/www.demefco.be\/fr\/#\/schema\/logo\/image\/","url":"https:\/\/www.demefco.be\/wp-content\/uploads\/2021\/06\/logo.png","contentUrl":"https:\/\/www.demefco.be\/wp-content\/uploads\/2021\/06\/logo.png","width":170,"height":170,"caption":"Demefco"},"image":{"@id":"https:\/\/www.demefco.be\/fr\/#\/schema\/logo\/image\/"},"sameAs":["https:\/\/www.facebook.com\/demefco\/","https:\/\/x.com\/demefco","https:\/\/www.linkedin.com\/company\/demefco"]}]}},"_links":{"self":[{"href":"https:\/\/www.demefco.be\/fr\/wp-json\/wp\/v2\/pages\/636","targetHints":{"allow":["GET"]}}],"collection":[{"href":"https:\/\/www.demefco.be\/fr\/wp-json\/wp\/v2\/pages"}],"about":[{"href":"https:\/\/www.demefco.be\/fr\/wp-json\/wp\/v2\/types\/page"}],"author":[{"embeddable":true,"href":"https:\/\/www.demefco.be\/fr\/wp-json\/wp\/v2\/users\/1"}],"replies":[{"embeddable":true,"href":"https:\/\/www.demefco.be\/fr\/wp-json\/wp\/v2\/comments?post=636"}],"version-history":[{"count":4,"href":"https:\/\/www.demefco.be\/fr\/wp-json\/wp\/v2\/pages\/636\/revisions"}],"predecessor-version":[{"id":1332,"href":"https:\/\/www.demefco.be\/fr\/wp-json\/wp\/v2\/pages\/636\/revisions\/1332"}],"up":[{"embeddable":true,"href":"https:\/\/www.demefco.be\/fr\/wp-json\/wp\/v2\/pages\/630"}],"wp:attachment":[{"href":"https:\/\/www.demefco.be\/fr\/wp-json\/wp\/v2\/media?parent=636"}],"curies":[{"name":"wp","href":"https:\/\/api.w.org\/{rel}","templated":true}]}}

<h2>DEMEFCO: JEUNE, DYNAMIQUE, EXPÉRIMENTÉ</h2>
<p>Demefco est une entreprise <strong>jeune et dynamique</strong> fondée en 2009 par le chef d&rsquo;entreprise Fréderic De Medts. Le nom de Demefco est l&rsquo;abréviation de « De Medts Fréderic et Ci ».</p>
<p>Demefco est une jeune entreprise, mais elle est <strong>un spécialiste expérimenté en l&rsquo;immobilier</strong>. Nous nous concentrons principalement sur le marché belge, mais nous pouvons egalement étudier des opportunités internationales avec le même intérêt.</p>
<p>Notre objectif principal est la réalisation d&rsquo;<strong>un retour maximum sur ses fonds propres</strong>, par des investissements dans l&rsquo;immobilier. <strong>Les concepts de base</strong> de Demefco sont <strong>vivre, gérer, investir et innover</strong>. Demefco est active comme un administrateur de biens et <a href="https://www.demefco.be/fr/services/promoteur-immobilier/">un promoteur immobilier</a>. Nos mots clés sont vérifiés chaque fois pour ces deux facettes du marché immobilier.</p>
<h2>LA CLÉ DU SUCCÈS</h2>
<p>Tous les projets de Demefco sont réalisés avec le résident et son environnement comme idée centrale. Avec cela, les mots clé ne sont pas non seulement le confort de vie, la disposition spatiale et l&rsquo;architecture, mais aussi le respect de l&rsquo;énergie, la durabilité et la régénération urbaine. Ainsi, nous garantissons <strong>une expérience de vie ultime dans un environnement novateur</strong>. Cela fait que nos projets sont intéressants à gérer, mais aussi rentables pour ceux qui veulent investir.</p>
<p>La clé de notre succès est <strong>notre expertise exceptionnelle et notre désire permanente à l&rsquo;innovation</strong>. Ces deux valeurs se retrouvent chez tous ceux qui font partie de notre équipe passionée de spécialistes de l&rsquo;immobilier. Nous combinons <strong>la force et la cohérence d&rsquo;une entreprise familiale avec la dynamique d&rsquo;une entreprise internationale</strong>.</p>
<h2>UNE CROISSANCE PERMANENTE</h2>
<p>Demefco continue à croître. Lors les projets réalisés par nous, mais aussi par l&rsquo;expansion de notre patrimoine et notre expertise. Et surtout, en étant toujours ouvert aux possibilités et aux nouvelles techniques qui se présentent. Par un esprit ouvert et une passion pour le marché de l&rsquo;immobilier.</p>
<p><a href="/fr/sur-demefco/je-cherche-un-investisseur">Vous cherchez un investisseur? </a><br />
<a href="/fr/sur-demefco/je-suis-un-investisseur">Vous êtes un investisseur?</a><br />
Découvrez comment on peut vous aider. Ou <a href="/fr/contact">contactez-nous</a> pour toutes questions.</p>

<p>DEMEFCO: JEUNE, DYNAMIQUE, EXPÉRIMENTÉ Demefco est une entreprise jeune et dynamique fondée en 2009 par le chef d&rsquo;entreprise Fréderic De Medts. Le nom&#8230;</p>

<!-- This site is optimized with the Yoast SEO plugin v27.0 - https://yoast.com/product/yoast-seo-wordpress/ -->
<title>A NOTRE PROPOS - Demefco Projectontwikkeling</title>
<meta name="description" content="Demefco est une entreprise jeune et dynamique fondée en 2009 par le chef d&#039;entreprise Frederic De Medts et et spécialisé en l&#039;immobilier." />
<meta name="robots" content="index, follow, max-snippet:-1, max-image-preview:large, max-video-preview:-1" />
<link rel="canonical" href="https://www.demefco.be/fr/sur-demefco/a-notre-propos/" />
<meta property="og:locale" content="fr_FR" />
<meta property="og:type" content="article" />
<meta property="og:title" content="A NOTRE PROPOS - Demefco Projectontwikkeling" />
<meta property="og:description" content="Demefco est une entreprise jeune et dynamique fondée en 2009 par le chef d&#039;entreprise Frederic De Medts et et spécialisé en l&#039;immobilier." />
<meta property="og:url" content="https://www.demefco.be/fr/sur-demefco/a-notre-propos/" />
<meta property="og:site_name" content="Demefco Projectontwikkeling" />
<meta property="article:publisher" content="https://www.facebook.com/demefco/" />
<meta property="article:modified_time" content="2023-11-20T13:39:15+00:00" />
<meta property="og:image" content="https://www.demefco.be/wp-content/uploads/2021/06/1.jpg" />
	<meta property="og:image:width" content="1920" />
	<meta property="og:image:height" content="870" />
	<meta property="og:image:type" content="image/jpeg" />
<meta name="twitter:card" content="summary_large_image" />
<meta name="twitter:site" content="@demefco" />
<meta name="twitter:label1" content="Durée de lecture est." />
	<meta name="twitter:data1" content="2 minutes" />
<script type="application/ld+json" class="yoast-schema-graph">{"@context":"https://schema.org","@graph":[{"@type":"WebPage","@id":"https://www.demefco.be/fr/sur-demefco/a-notre-propos/","url":"https://www.demefco.be/fr/sur-demefco/a-notre-propos/","name":"A NOTRE PROPOS - Demefco Projectontwikkeling","isPartOf":{"@id":"https://www.demefco.be/fr/#website"},"datePublished":"2021-06-22T10:14:44+00:00","dateModified":"2023-11-20T13:39:15+00:00","description":"Demefco est une entreprise jeune et dynamique fondée en 2009 par le chef d'entreprise Frederic De Medts et et spécialisé en l'immobilier.","breadcrumb":{"@id":"https://www.demefco.be/fr/sur-demefco/a-notre-propos/#breadcrumb"},"inLanguage":"fr-BE","potentialAction":[{"@type":"ReadAction","target":["https://www.demefco.be/fr/sur-demefco/a-notre-propos/"]}]},{"@type":"BreadcrumbList","@id":"https://www.demefco.be/fr/sur-demefco/a-notre-propos/#breadcrumb","itemListElement":[{"@type":"ListItem","position":1,"name":"Start","item":"https://www.demefco.be/fr/"},{"@type":"ListItem","position":2,"name":"Sur Demefco","item":"https://www.demefco.be/fr/sur-demefco/"},{"@type":"ListItem","position":3,"name":"A NOTRE PROPOS"}]},{"@type":"WebSite","@id":"https://www.demefco.be/fr/#website","url":"https://www.demefco.be/fr/","name":"Demefco Projectontwikkeling","description":"Demefco Projectontwikkeling","publisher":{"@id":"https://www.demefco.be/fr/#organization"},"potentialAction":[{"@type":"SearchAction","target":{"@type":"EntryPoint","urlTemplate":"https://www.demefco.be/fr/?s={search_term_string}"},"query-input":{"@type":"PropertyValueSpecification","valueRequired":true,"valueName":"search_term_string"}}],"inLanguage":"fr-BE"},{"@type":"Organization","@id":"https://www.demefco.be/fr/#organization","name":"Demefco","url":"https://www.demefco.be/fr/","logo":{"@type":"ImageObject","inLanguage":"fr-BE","@id":"https://www.demefco.be/fr/#/schema/logo/image/","url":"https://www.demefco.be/wp-content/uploads/2021/06/logo.png","contentUrl":"https://www.demefco.be/wp-content/uploads/2021/06/logo.png","width":170,"height":170,"caption":"Demefco"},"image":{"@id":"https://www.demefco.be/fr/#/schema/logo/image/"},"sameAs":["https://www.facebook.com/demefco/","https://x.com/demefco","https://www.linkedin.com/company/demefco"]}]}</script>
<!-- / Yoast SEO plugin. -->

Demefco est une entreprise jeune et dynamique fondée en 2009 par le chef d'entreprise Frederic De Medts et et spécialisé en l'immobilier.
